{"id":8,"date":"2020-04-14T21:22:59","date_gmt":"2020-04-14T21:22:59","guid":{"rendered":"http:\/\/www.niedzinski.pl.stronazen.pl\/?page_id=8"},"modified":"2022-12-30T16:39:36","modified_gmt":"2022-12-30T16:39:36","slug":"strona-glowna","status":"publish","type":"page","link":"https:\/\/niedzinski.pl\/","title":{"rendered":"STRONA G\u0141\u00d3WNA"},"content":{"rendered":"\t\t<div data-elementor-type=\"wp-page\" data-elementor-id=\"8\" class=\"elementor elementor-8\" data-elementor-settings=\"[]\">\n\t\t\t\t\t\t<div class=\"elementor-inner\">\n\t\t\t\t\t\t\t<div class=\"elementor-section-wrap\">\n\t\t\t\t\t\t\t<section class=\"elementor-section elementor-top-section elementor-element elementor-element-d171f3e elementor-section-full_width elementor-section-stretched elementor-section-height-default elementor-section-height-default\" data-id=\"d171f3e\" data-element_type=\"section\" data-settings=\"{&quot;stretch_section&quot;:&quot;section-stretched&quot;}\">\n\t\t\t\t\t\t<div class=\"elementor-container elementor-column-gap-wide\">\n\t\t\t\t\t\t\t<div class=\"elementor-row\">\n\t\t\t\t\t<div class=\"elementor-column elementor-col-100 elementor-top-column elementor-element elementor-element-c65ed6b\" data-id=\"c65ed6b\" data-element_type=\"column\">\n\t\t\t<div class=\"elementor-column-wrap elementor-element-populated\">\n\t\t\t\t\t\t\t<div class=\"elementor-widget-wrap\">\n\t\t\t\t\t\t<section class=\"elementor-section elementor-inner-section elementor-element elementor-element-c3ec176 elementor-section-height-min-height elementor-section-full_width elementor-section-height-default\" data-id=\"c3ec176\" data-element_type=\"section\" data-settings=\"{&quot;background_background&quot;:&quot;classic&quot;}\">\n\t\t\t\t\t\t\t<div class=\"elementor-background-overlay\"><\/div>\n\t\t\t\t\t\t\t<div class=\"elementor-container elementor-column-gap-default\">\n\t\t\t\t\t\t\t<div class=\"elementor-row\">\n\t\t\t\t\t<div class=\"elementor-column elementor-col-100 elementor-inner-column elementor-element elementor-element-bfd2c2e\" data-id=\"bfd2c2e\" data-element_type=\"column\">\n\t\t\t<div class=\"elementor-column-wrap elementor-element-populated\">\n\t\t\t\t\t\t\t<div class=\"elementor-widget-wrap\">\n\t\t\t\t\t\t<div class=\"elementor-element elementor-element-f74abd6 elementor-widget elementor-widget-heading\" data-id=\"f74abd6\" data-element_type=\"widget\" data-widget_type=\"heading.default\">\n\t\t\t\t<div class=\"elementor-widget-container\">\n\t\t\t<h2 class=\"elementor-heading-title elementor-size-default\">KANCELARIA<br>\nPRAWNICZA<\/h2>\t\t<\/div>\n\t\t\t\t<\/div>\n\t\t\t\t\t\t<\/div>\n\t\t\t\t\t<\/div>\n\t\t<\/div>\n\t\t\t\t\t\t\t\t<\/div>\n\t\t\t\t\t<\/div>\n\t\t<\/section>\n\t\t\t\t\t\t<\/div>\n\t\t\t\t\t<\/div>\n\t\t<\/div>\n\t\t\t\t\t\t\t\t<\/div>\n\t\t\t\t\t<\/div>\n\t\t<\/section>\n\t\t\t\t<section class=\"elementor-section elementor-top-section elementor-element elementor-element-d40e078 elementor-section-height-min-height elementor-section-boxed elementor-section-height-default elementor-section-items-middle\" data-id=\"d40e078\" data-element_type=\"section\" data-settings=\"{&quot;animation&quot;:&quot;none&quot;}\">\n\t\t\t\t\t\t\t<div class=\"elementor-background-overlay\"><\/div>\n\t\t\t\t\t\t\t<div class=\"elementor-container elementor-column-gap-default\">\n\t\t\t\t\t\t\t<div class=\"elementor-row\">\n\t\t\t\t\t<div class=\"elementor-column elementor-col-100 elementor-top-column elementor-element elementor-element-406d468\" data-id=\"406d468\" data-element_type=\"column\">\n\t\t\t<div class=\"elementor-column-wrap elementor-element-populated\">\n\t\t\t\t\t\t\t<div class=\"elementor-widget-wrap\">\n\t\t\t\t\t\t<section class=\"elementor-section elementor-inner-section elementor-element elementor-element-604d291d elementor-section-boxed elementor-section-height-default elementor-section-height-default\" data-id=\"604d291d\" data-element_type=\"section\" data-settings=\"{&quot;animation&quot;:&quot;none&quot;}\">\n\t\t\t\t\t\t<div class=\"elementor-container elementor-column-gap-default\">\n\t\t\t\t\t\t\t<div class=\"elementor-row\">\n\t\t\t\t\t<div class=\"elementor-column elementor-col-100 elementor-inner-column elementor-element elementor-element-20ae1921\" data-id=\"20ae1921\" data-element_type=\"column\">\n\t\t\t<div class=\"elementor-column-wrap elementor-element-populated\">\n\t\t\t\t\t\t\t<div class=\"elementor-widget-wrap\">\n\t\t\t\t\t\t<div class=\"elementor-element elementor-element-5ca4962 elementor-position-top elementor-vertical-align-top elementor-widget elementor-widget-image-box\" data-id=\"5ca4962\" data-element_type=\"widget\" data-settings=\"{&quot;_animation&quot;:&quot;none&quot;}\" data-widget_type=\"image-box.default\">\n\t\t\t\t<div class=\"elementor-widget-container\">\n\t\t\t<div class=\"elementor-image-box-wrapper\"><figure class=\"elementor-image-box-img\"><img width=\"2103\" height=\"828\" src=\"https:\/\/niedzinski.pl\/wp-content\/uploads\/2020\/04\/Logo_7.png\" class=\"attachment-full size-full\" alt=\"\" loading=\"lazy\" \/><\/figure><\/div>\t\t<\/div>\n\t\t\t\t<\/div>\n\t\t\t\t\t\t<\/div>\n\t\t\t\t\t<\/div>\n\t\t<\/div>\n\t\t\t\t\t\t\t\t<\/div>\n\t\t\t\t\t<\/div>\n\t\t<\/section>\n\t\t\t\t<section class=\"elementor-section elementor-inner-section elementor-element elementor-element-602c5dac elementor-section-boxed elementor-section-height-default elementor-section-height-default\" data-id=\"602c5dac\" data-element_type=\"section\" data-settings=\"{&quot;animation&quot;:&quot;none&quot;}\">\n\t\t\t\t\t\t<div class=\"elementor-container elementor-column-gap-default\">\n\t\t\t\t\t\t\t<div class=\"elementor-row\">\n\t\t\t\t\t<div class=\"elementor-column elementor-col-100 elementor-inner-column elementor-element elementor-element-6f176458\" data-id=\"6f176458\" data-element_type=\"column\" data-settings=\"{&quot;animation&quot;:&quot;none&quot;}\">\n\t\t\t<div class=\"elementor-column-wrap elementor-element-populated\">\n\t\t\t\t\t\t\t<div class=\"elementor-widget-wrap\">\n\t\t\t\t\t\t<div class=\"elementor-element elementor-element-375d288b animated-slow elementor-widget elementor-widget-text-editor\" data-id=\"375d288b\" data-element_type=\"widget\" data-settings=\"{&quot;_animation&quot;:&quot;none&quot;,&quot;_animation_delay&quot;:200}\" data-widget_type=\"text-editor.default\">\n\t\t\t\t<div class=\"elementor-widget-container\">\n\t\t\t\t\t\t\t\t<div class=\"elementor-text-editor elementor-clearfix\">\n\t\t\t\t<p>Kancelaria Prawnicza Tomasz Niedzi\u0144ski &amp; Wsp\u00f3lnicy to Zesp\u00f3\u0142 prawnik\u00f3w wyspecjalizowanych <br \/>w zakresie prawa sp\u00f3\u0142ek, prawa pracy, prawa gospodarczego i kontraktowego, odpowiedzialno\u015bci karnej i cywilnej, ochrony danych osobowych oraz prawa procesowego karnego i cywilnego. <span class=\"Apple-converted-space\">\u00a0<\/span><\/p><p>W naszej pracy kierujemy si\u0119 zasad\u0105 proponowania Klientom skutecznych rozwi\u0105za\u0144, adekwatnych do specyfiki danego problemu prawnego. Dzi\u0119ki temu cieszymy si\u0119 uznaniem Klient\u00f3w ze wzgl\u0119du na<span class=\"Apple-converted-space\">\u00a0 <\/span>wszechstronn\u0105 wiedz\u0119 prawnicz\u0105 oraz sprawdzone umiej\u0119tno\u015bci analityczne i doradcze.<\/p><p>Celem Kancelarii jest \u0142\u0105czenie tradycji <br \/>z nowoczesno\u015bci\u0105 oraz harmonizacja zalet du\u017cej <br \/>i ma\u0142ej firmy prawniczej. Zesp\u00f3\u0142 znakomicie gospodaruje swoimi zasobami, minimalizuj\u0105c koszty \u015bwiadczenia us\u0142ug prawniczych, umiej\u0119tnie korzysta <br \/>z zadaniowej wsp\u00f3\u0142pracy z innymi specjalistami a tak\u017ce gwarantuje bezpo\u015bredni\u0105 wsp\u00f3\u0142prac\u0119 wsp\u00f3lnik\u00f3w Kancelarii.<\/p>\t\t\t\t\t<\/div>\n\t\t\t\t\t\t<\/div>\n\t\t\t\t<\/div>\n\t\t\t\t<div class=\"elementor-element elementor-element-1b4eedf animated-slow elementor-invisible elementor-widget elementor-widget-text-editor\" data-id=\"1b4eedf\" data-element_type=\"widget\" data-settings=\"{&quot;_animation&quot;:&quot;fadeInUp&quot;,&quot;_animation_delay&quot;:200}\" data-widget_type=\"text-editor.default\">\n\t\t\t\t<div class=\"elementor-widget-container\">\n\t\t\t\t\t\t\t\t<div class=\"elementor-text-editor elementor-clearfix\">\n\t\t\t\t<p>Zapraszam do zapoznania si\u0119 z profilem Naszej Kancelarii.<\/p>\t\t\t\t\t<\/div>\n\t\t\t\t\t\t<\/div>\n\t\t\t\t<\/div>\n\t\t\t\t\t\t<\/div>\n\t\t\t\t\t<\/div>\n\t\t<\/div>\n\t\t\t\t\t\t\t\t<\/div>\n\t\t\t\t\t<\/div>\n\t\t<\/section>\n\t\t\t\t<section class=\"elementor-section elementor-inner-section elementor-element elementor-element-15dbd7a8 elementor-section-boxed elementor-section-height-default elementor-section-height-default\" data-id=\"15dbd7a8\" data-element_type=\"section\">\n\t\t\t\t\t\t<div class=\"elementor-container elementor-column-gap-default\">\n\t\t\t\t\t\t\t<div class=\"elementor-row\">\n\t\t\t\t\t<div class=\"elementor-column elementor-col-100 elementor-inner-column elementor-element elementor-element-5f638681\" data-id=\"5f638681\" data-element_type=\"column\">\n\t\t\t<div class=\"elementor-column-wrap elementor-element-populated\">\n\t\t\t\t\t\t\t<div class=\"elementor-widget-wrap\">\n\t\t\t\t\t\t<div class=\"elementor-element elementor-element-2af7d65 elementor-widget elementor-widget-image\" data-id=\"2af7d65\" data-element_type=\"widget\" data-widget_type=\"image.default\">\n\t\t\t\t<div class=\"elementor-widget-container\">\n\t\t\t\t\t\t\t\t<div class=\"elementor-image\">\n\t\t\t\t\t\t\t\t\t\t\t\t<img width=\"933\" height=\"538\" src=\"https:\/\/niedzinski.pl\/wp-content\/uploads\/2020\/04\/podpis_Tomka_fuksja.png\" class=\"attachment-large size-large\" alt=\"\" loading=\"lazy\" srcset=\"https:\/\/niedzinski.pl\/wp-content\/uploads\/2020\/04\/podpis_Tomka_fuksja.png 933w, https:\/\/niedzinski.pl\/wp-content\/uploads\/2020\/04\/podpis_Tomka_fuksja-300x173.png 300w, https:\/\/niedzinski.pl\/wp-content\/uploads\/2020\/04\/podpis_Tomka_fuksja-768x443.png 768w\" sizes=\"(max-width: 933px) 100vw, 933px\" \/>\t\t\t\t\t\t\t\t\t\t\t\t\t\t<\/div>\n\t\t\t\t\t\t<\/div>\n\t\t\t\t<\/div>\n\t\t\t\t\t\t<\/div>\n\t\t\t\t\t<\/div>\n\t\t<\/div>\n\t\t\t\t\t\t\t\t<\/div>\n\t\t\t\t\t<\/div>\n\t\t<\/section>\n\t\t\t\t\t\t<\/div>\n\t\t\t\t\t<\/div>\n\t\t<\/div>\n\t\t\t\t\t\t\t\t<\/div>\n\t\t\t\t\t<\/div>\n\t\t<\/section>\n\t\t\t\t\t\t<\/div>\n\t\t\t\t\t\t<\/div>\n\t\t\t\t\t<\/div>\n\t\t","protected":false},"excerpt":{"rendered":"<p>KANCELARIA PRAWNICZA Kancelaria Prawnicza Tomasz Niedzi\u0144ski &amp; Wsp\u00f3lnicy to Zesp\u00f3\u0142 prawnik\u00f3w wyspecjalizowanych w zakresie prawa sp\u00f3\u0142ek, prawa pracy, prawa gospodarczego i kontraktowego, odpowiedzialno\u015bci karnej i cywilnej, ochrony danych osobowych oraz prawa procesowego karnego i cywilnego. \u00a0 W naszej pracy kierujemy si\u0119 zasad\u0105 proponowania Klientom skutecznych rozwi\u0105za\u0144, adekwatnych do specyfiki danego problemu prawnego. Dzi\u0119ki temu cieszymy&hellip;&nbsp;<a href=\"https:\/\/niedzinski.pl\/\" class=\"\" rel=\"bookmark\">Czytaj dalej &raquo;<span class=\"screen-reader-text\">STRONA G\u0141\u00d3WNA<\/span><\/a><\/p>\n","protected":false},"author":1,"featured_media":0,"parent":0,"menu_order":0,"comment_status":"closed","ping_status":"closed","template":"","meta":{"neve_meta_sidebar":"full-width","neve_meta_container":"full-width","neve_meta_enable_content_width":"off","neve_meta_content_width":0,"neve_meta_title_alignment":"","neve_meta_author_avatar":"","neve_post_elements_order":"","neve_meta_disable_header":"","neve_meta_disable_footer":"","neve_meta_disable_title":"on"},"_links":{"self":[{"href":"https:\/\/niedzinski.pl\/index.php\/wp-json\/wp\/v2\/pages\/8"}],"collection":[{"href":"https:\/\/niedzinski.pl\/index.php\/wp-json\/wp\/v2\/pages"}],"about":[{"href":"https:\/\/niedzinski.pl\/index.php\/wp-json\/wp\/v2\/types\/page"}],"author":[{"embeddable":true,"href":"https:\/\/niedzinski.pl\/index.php\/wp-json\/wp\/v2\/users\/1"}],"replies":[{"embeddable":true,"href":"https:\/\/niedzinski.pl\/index.php\/wp-json\/wp\/v2\/comments?post=8"}],"version-history":[{"count":68,"href":"https:\/\/niedzinski.pl\/index.php\/wp-json\/wp\/v2\/pages\/8\/revisions"}],"predecessor-version":[{"id":709,"href":"https:\/\/niedzinski.pl\/index.php\/wp-json\/wp\/v2\/pages\/8\/revisions\/709"}],"wp:attachment":[{"href":"https:\/\/niedzinski.pl\/index.php\/wp-json\/wp\/v2\/media?parent=8"}],"curies":[{"name":"wp","href":"https:\/\/api.w.org\/{rel}","templated":true}]}}